and 21.
21
Let b = -45 + -37. Let v = b + 154. Suppose 0 = 3*y - y - v. What is the highest common divisor of y and 4?
4
Suppose -s = 2*s - 6. Suppose -4*v + 35 = t, 2*v - 30 = -v - s*t. Let h be (3 - 1)*1/2. What is the greatest common factor of v and h?
1
Suppose -2*k - 28 = -3*k. Let v be (-2 + 5)/((-3)/(-40)). Suppose -3*l + 20 = 5*b, 11 = -2*b + 3*l + v. What is the highest common factor of k and b?
7
Let j(t) = 2*t - 6. Let u be j(10). Calculate the highest common divisor of 112 and u.
14
Let x(u) = 6*u**2 - 27*u + 22. Let k be x(11). Calculate the greatest common factor of 41 and k.
41
Suppose 5*z - 35 = -5*n, 2*n - 2*z + 2 = 4. Let r be ((-2)/(-3))/((-3)/(-162)). What is the greatest common divisor of r and n?
4
Let l(m) = -10*m - 11. Let d be l(-3). Calculate the highest common factor of 76 and d.
19
Let p(g) = 1 - 10*g - 2 - g**2 + 3 - 7. Let i be p(-7). Suppose -369 = -3*m + 159. What is the greatest common factor of m and i?
16
Let v be 65/7 + 8/(-28). Let x(s) = 6*s**3 + s**2 - s. Let a be x(1). Calculate the highest common factor of a and v.
3
Let w = -3 - -5. Let q = -12 + 12. Suppose 3*j - h - 4 = 0, 3*h = -j - q*h + 8. What is the greatest common factor of w and j?
2
Suppose -5*p + 48 = 4*h, -4*p - 6 - 13 = -5*h. Let w be h/((-9)/6 + 2). What is the highest common factor of w and 154?
14
Suppose 16 = 4*i, -4*i - 12 = -b - 3*b. Calculate the greatest common factor of 77 and b.
7
Suppose 5*y - 9 = 1. Suppose 4*n + 11 - 333 = c, -236 = -3*n - y*c. What is the highest common factor of n and 20?
20
Let r(h) = -h + 3 - h**3 - h**2 - 4*h**2 - 4*h. Let k be r(-4). Suppose 2*c - k*c = -100. Calculate the highest common factor of 20 and c.
20
Let f be (-4)/18 + (-22)/(-18). Let a = 46 + -47. Let j = f - a. What is the greatest common divisor of 5 and j?
1
Let o = 3 + 8. What is the greatest common divisor of 1 and o?
1
Suppose -10 = 2*z, 3*v - v = -z - 7. Let l be (5 - -1) + 4 + v. Calculate the greatest common divisor of 27 and l.
9
Let q be (-10)/35 - (-552)/21. What is the greatest common divisor of 13 and q?
13
Let z(t) = t**3 - 7*t**2 + 10*t - 9. Let q be z(6). Suppose 0*b - q = -3*b. Let a = -2 + b. What is the highest common divisor of a and 15?
3
Suppose -2*h + 85 = 7. What is the greatest common divisor of 13 and h?
13
Let i(q) = 4*q**3 + 2*q**2 - 4*q + 3. Let a = 16 + -13. Let h be i(a). What is the highest common factor of h and 13?
13
Let a(o) be the second derivative of -o**5/20 - o**4/6 - o**3/2 - 3*o**2 - 4*o. Let y be a(-5). What is the highest common divisor of y and 12?
12
Let q = -11 + 9. Let l = q - -17. Let h = -28 - -73. What is the highest common factor of l and h?
15
Let m(x) = -x**3 + 104. Suppose 2 = -i, b + 0 = i + 6. Suppose -o + b*o = 0. Let n be m(o). Calculate the greatest common factor of 13 and n.
13
Let i = -58 - -87. What is the greatest common divisor of i and 261?
29
Let n = -131 + 157. Let z = 60 - -85. Suppose 15 = -2*y + z. What is the greatest common factor of n and y?
13
Suppose -103 - 61 = -4*b. Suppose -2*d - b = -145. Let m be -2*1 + 4 + 11. What is the highest common divisor of m and d?
13
Let w = -8 + 13. Suppose 3 - 12 = 3*u. Let x = w + u. What is the greatest common factor of 1 and x?
1
Suppose 2*z + n = -3*n, 0 = -5*z - 2*n. Suppose z = -0*s + s - 51. Suppose -2*v + s = v. Calculate the greatest common divisor of 51 and v.
17
Let q(s) = 5*s - 7*s**2 - 8 - s + s**3 + 5*s. Let w be q(6). Let k be (-5 - -6)/((-1)/(-25)). What is the highest common divisor of k and w?
5
Let n be ((-2)/(-6))/(2/12). Suppose 3*p - 34 = -u + 6*p, p = -n*u + 68. Calculate the greatest common factor of u and 51.
17
Let c = 21 - 7. Let j(w) = -w**3 + w + 84. Let n be j(0). What is the greatest common divisor of n and c?
14
Suppose r = -6 - 5. Let y(b) = 2 - 3 - 2*b - 1. Let f be y(r). What is the greatest common factor of 5 and f?
5
Let q be 2*1 - (-8)/(-8). Suppose -h + 2 - q = 0. Calculate the greatest common divisor of h and 5.
1
Let h be -6*(-3)/12*-4. Let f = 14 + h. Calculate the highest common factor of 40 and f.
8
Let w be ((-10)/3)/(4/(-6)). Calculate the highest common divisor of w and 5.
5
Let r be 34/10 - 3/(-5). Suppose -r*y + 6*p = 3*p - 79, 0 = 3*y - 3*p - 63. Calculate the greatest common factor of y and 176.
16
Let g(q) = 4*q + 53. Let f be g(-13). What is the highest common factor of 7 and f?
1
Let q be (-14)/(-2)*(-3 - -20). Suppose 15 = -5*w + 100. Calculate the highest common factor of q and w.
17
Suppose 5*c - 133 + 88 = 0. Calculate the greatest common factor of 1 and c.
1
Suppose -100 = -14*m + 4*m. Calculate the greatest common divisor of 70 and m.
10
Let f be 2/5 + 5264/40. Calculate the highest common divisor of f and 12.
12
Let w(n) = 2*n**3 + 37*n**2 + 12*n - 20. Let k be w(-18). Calculate the highest common divisor of k and 4.
4
Let u = 81 - 51. Calculate the highest common divisor of 75 and u.
15
Suppose 5*o - 3*n = 21, n - 2 = -4*o - 4*n. Let z(h) = -h**2 + 5*h + 2. Let x be z(4). Calculate the greatest common divisor of x and o.
3
Let r(j) = j**3 - 6*j**2 + 4*j + 6. Let i be r(6). Suppose -10 = -2*h + 14. Calculate the highest common factor of i and h.
6
Let b = 13 - 9. Let z = b - 1. Let v = 9 + z. Calculate the highest common factor of v and 8.
4
Let u(l) = -3*l**3 - 3*l**2 + 9*l + 15. Let c be u(-3). What is the highest common factor of c and 6?
6
Suppose -2*t + 1 = -3. Let d be t/1 + 20/4. Calculate the highest common factor of 35 and d.
7
Suppose -5*h + 5 = -4*y, -2*y + h - 1 = -0. Suppose y*b + 3*b = 66. What is the greatest common factor of 11 and b?
11
Suppose -92 = -4*a - 20. Suppose a = -2*k + 5*k. Calculate the highest common divisor of 24 and k.
6
Let v = 24 - 6. What is the highest common divisor of v and 12?
6
Let q be ((-56)/(-12))/((-2)/(-6)). Suppose 5*p - 78 = -3*w, w - 3*w + 30 = -4*p. Calculate the greatest common factor of q and w.
7
Suppose -1263 = 4*n + 3*l, 0 = 4*n - 4*l - l + 1255. Let g = -189 - n. What is the highest common divisor of g and 14?
14
Let t(o) = -27*o + 3. Let w be t(-6). Calculate the greatest common factor of 33 and w.
33
Suppose -7*o - 31 = -2*u - 2*o, -3*o = 2*u - 7. Let y be ((-50)/u)/((-2)/32). What is the highest common factor of y and 20?
20
Suppose 5*t + 31 - 356 = 0. Suppose 2*y - 4*y = -52. What is the greatest common divisor of t and y?
13
Let v = 13 + 5. Let r = 11 + 11. Let x = 31 - r. Calculate the highest common factor of v and x.
9
Suppose -5*g = 5*d - 45, 2*d = -0*d + 6. Let m be -3 - -5 - (-3 - (-9)/3). Calculate the greatest common factor of g and m.
2
Let j(b) = 4*b**2 - 19*b - 15. Let l(f) = -2*f**2 + 9*f + 7. Let y(m) = 3*j(m) + 5*l(m). Let r be y(9). What is the greatest common factor of r and 4?
4
Let o be 23*1 + (-2)/2. Suppose 12*v - 7*v = 80. Let g = 18 - v. What is the highest common divisor of o and g?
2
Let y = -228 - -338. Calculate the greatest common factor of 22 and y.
22
Let b be 70/4*(1 + 1). What is the greatest common factor of b and 7?
7
Let g = 22 - -18. Let y = 2 + g. What is the greatest common factor of 14 and y?
14
Let x = 546 - 374. Suppose 2*d + 336 = -d. Let m = x + d. What is the highest common divisor of 12 and m?
12
Let j be 2 + 0 + 2 - -2. Let z be (-18)/(-3) + 4/(-2). Calculate the greatest common factor of j and z.
2
Let v = 63 + 41. What is the highest common factor of v and 13?
13
Let o = 24 - -44. Suppose 5*m + o = 4*i, 5*m + 11 - 3 = -i. Calculate the highest common divisor of i and 48.
12
Suppose -3*t + 5*n + 5 = 0, 0*n = t + 2*n - 9. Suppose 0 = 4*x + y - 7 - 17, -t*x + 3*y = -47. Calculate the highest common factor of x and 7.
7
Suppose -2*m = a + 2 - 15, 0 = 4*m - a - 35. What is the greatest common divisor of 24 and m?
8
Let s be 4/(-3)*(-51)/(-34). Let n(d) = -2*d**3 + 4*d**2 + 2*d - 2. Let z be n(s). Calculate the highest common divisor of z and 13.
13
Let l = 29 - 25. Suppose 2*s + 90 = l*s. Calculate the greatest common factor of 15 and s.
15
Let f(m) be the first derivative of -1 + 4*m - 2*m**2 - 1/4*m**4 - 4/3*m**3. Let j be f(-4). Calculate the highest common factor of j and 20.
20
Let v be 189/5 + 10/50. Suppose -4*t + 16 = 3*i, 8*i - v = 3*i - t. Calculate the highest common divisor of i and 56.
8
Suppose -2*a - 2*a + 112 = 0. Suppose -3*m = m - a. Let l = -3 + m. W